 - (-2 - (4 + -15 + 7))?
6
What is the value of 38 - (4 + 40) - (14 - 14)?
-6
-29 - -3 - (50 + -25 + 5)
-56
What is the value of (144 + -25 - -27 - 44) + 5?
107
What is ((2 - 1) + -2 - -9) + (170 - (51 + 175))?
-48
Calculate (-2 - -19) + (-1 + 0 - 12) + (-129 - -10).
-115
What is -35 + 42 + 6 + 43?
56
17 + 11 + -4 + (-2 - -24)
46
-18 - (-77 + 66 + -1 + -11 + 9)
-4
Calculate 64 - (-1089 - -1104 - (-6 + 1)).
44
What is the value of 36 - (-25 + 102) - -6?
-35
Evaluate (255 - (50 + 368)) + 35 + 0.
-128
What is the value of (-33 - (1 + -43)) + 52?
61
7 + (26 - 35) - (-1 - 1) - 49 - -10
-39
What is the value of -15 - (-6 - (9 + (-3 - 4))) - 38?
-45
Evaluate 2 + -1 + (4 - (6 + -2)) + (-207 - -253).
47
What is the value of -56 - (-183 + 87) - (-2 - -12)?
30
Calculate -484 - -454 - (-6 - -20).
-44
What is the value of -30 - (-55 - (-33 - -39))?
31
Evaluate (2 + -6 - -8) + -51.
-47
What is -39 + (-138 - -129) + -46?
-94
What is the value of -42 - (-12 - (-11 + -9 + 15))?
-35
What is (-66 - (5 + -2 - 1)) + (-83 - -249 - 169)?
-71
What is 16 + (14 - 27) - ((-11 - -6) + 28)?
-20
Calculate (-8 - 2) + (447 - 463).
-26
91 - (126 - (172 - 88))
49
Evaluate 4 + 4 - (6 - ((-27 - -12) + 5)).
-8
Calculate 22 + (45 + -17 + -10 - -5).
45
-21 + (-6 - 6 - -30) - 26
-29
Calculate 2906 + -2927 + 35 + (4 - 6).
12
What is -120 - -65 - (-143 - -41)?
47
-3 + -1 + 4 - 2 - 2 - (-2277 - -2303)
-30
What is 48 - (71 + -34 - -47)?
-36
What is the value of (26 - -3 - -1) + 15 + -46 + (8 - -15)?
22
What is 9 + -7 + 5 + -8 + -6 + -19 + 8?
-18
What is -63 - (40 - (3 - -40))?
-60
Evaluate 26 - (3 + 32 + -29).
20
Calculate 134 - ((-19 - -23) + 14) - (-9 - -27).
98
Calculate -72 + (-4 - -2 - (17 - (14 - -30) - -29)).
-76
What is (-696 - -598) + 2 + 13 + -3?
-86
0 - (2 + (-38 - -38))
-2
Evaluate 46 + -70 + 36 + -13.
-1
Calculate (24 - (-47 + 96)) + 28.
3
Calculate 71 + -27 - (84 - 77).
37
10 - (562 - 616 - (-1 + -16))
47
Evaluate -733 - -778 - (1 + 13).
31
3 - (-6 - 3) - (-26 + 9 - -8 - -7)
14
Calculate 47 - (20 - 5) - 63.
-31
Calculate -178 + 187 - (8 + 38).
-37
What is -8 + -5 + -10 + 53?
30
Evaluate 1 + 19 + 54 - (14 + -16 - -10).
66
Evaluate -219 + (238 + -134 - -35).
-80
Evaluate -124 + (-22 - -105) + 1 + -72.
-112
-10 + (33 + -19 + -20 - -53) - (-1 + 8)
30
Evaluate (7689 - 7703) + (-4 - -4) + 1 + -23.
-36
Evaluate -9 + (10 - 5 - 3) + 49 + 3 + -22.
23
(-6 + 1 - (0 + 9)) + 68 + -63
-9
Calculate -1 - (29 - ((5 - -16) + -15)).
-24
What is -64 + 10 + -67 - -77?
-44
What is 120 - (42 - 48 - -79)?
47
(4 - 6 - 71) + (-5 + -4 - (-32 - -26))
-76
Evaluate 1 - 173 - (-1727 - -1648).
-93
Evaluate 40 + -92 + 118 - (0 + 20).
46
3 - (23 + -17 + 5) - -10
2
Calculate (91 + -52 - 44) + -13.
-18
What is 60 + (-9 - (-7 + -6)) - 2 - (-32 + 35)?
59
What is the value of 120 - (-33 - (-18 + -64))?
71
(-68 - (-189 - -23)) + -157
-59
Evaluate (2 - -77 - -1) + (55 - 75) + 4.
64
What is (-11 - -1 - -5) + 10 + 3 + 2 - 11?
-1
Evaluate -82 - -75 - (-1 - 7) - 11 - (-30 - -7).
13
-47 + (1 + -6 + 14 + -11 + 14 - 5)
-40
What is (16 - (-21 + 15 + 19)) + 3 + -1 + 2?
7
What is the value of 9 - (7 + (-1 - -28 - (190 - 171)))?
-6
What is (2 - 20 - -31) + (11 - -1) + 15?
40
What is -63 + (-152 - -151) + 0 + 7?
-57
What is the value of (-14 + 2 - (0 - 1)) + -1130 + 1273?
132
Evaluate -2040 - -2041 - (1 + -1 + 3 + (-1 - -2)).
-3
5 + -8 + (-27 - 13 - -60)
17
What is -8 - (51 - (84 + -33))?
-8
-58 - (-2 - (3 + -18 - -1) - 0 - 6)
-64
What is -13 - (0 - 1) - (3 + -52 + (1601 - 1623))?
59
32 - -2 - ((-17 - -6) + 6)
39
Evaluate (-7 - (27 - 14)) + -27 + -24.
-71
Calculate 225 + -263 + 1 + -13 + 3.
-47
What is the value of (1 - 4 - 2) + -8 + (-13 - -71)?
45
What is the value of 6 - (-9 + 8) - -114 - ((-5 - 4) + 1)?
129
What is -121 + (52 - 3) + -82 + 45?
-109
Calculate -718 - -726 - (-4 - 2).
14
Evaluate -4 - (-33 + -4 + (-47 - -37)).
43
132 + (31 - (64 - -7))
92
What is (6 + -10 - (-3 - 1)) + -29 + 25 + 43?
39
What is 57 + 79 + (-126 - 21)?
-11
-65 + -93 + 156 + -97
-99
What is the value of 21 - (12 - 4 - 25 - -122)?
-84
What is the value of (2 + 60 + 5 - 5 - 0) + 6?
68
Calculate -54 - (-26 - (-5 - -38) - -34).
-29
What is the value of -2 + -62 + (157 - 136)?
-43
What is -437 - -341 - (-2 + -2 - (0 + (0 - 2)))?
-94
Calculate (6 + -9 - (0 - 7) - (-174 + 180)) + 30.
28
What is (-28 - -21 - -2) + (-5 - -19) + -1 + -6?
2
What is the value of (-61 - -39 - 53) + 13 + -2 + -2?
-66
What is (3 - (-14 + 15)) + 22 + 4 + -9 + -4?
15
-46 - (3 + (2 - 15)) - (17 + -5)
-48
What is the value of (-57 - -85) + -42 + -6 + 13?
-7
What is the value of 14 + -8 + (5 - (18 - 32))?
25
Evaluate (13 + -5 + 11 - -5) + -38.
-14
Evaluate 8 - (1 + -4 - (18 - (9 + 15))).
5
What is the value of 53 + 0 + (-25 - -13) + 2 + 0?
43
Evaluate 9 + (-18 - (10 - 19 - 1)) + 6.
7
Calculate (2 - -23) + (-130 - (38 + (-12 - 45))).
-86
Evaluate -65 - (-17 + -10) - -3.
-35
Calculate -14 - (12 + (-32 - 14)) - (4 + 4).
12
What is 17 + -2 + -16 + -28 + 2?
-27
What is the value of (-36 - (-11 + -13)) + (-4 - -14) + 3?
1
Evaluate (-73 - -137) + -89 + 2 + -66.
-89
Calculate -3 + ((-37 - -49) + -1 - (-8 + 13)).
3
(-90 - (-6 + -64)) + (17 + -2 - 0)
-5
What is -6 + 4 + (22 - -6) - 38?
-12
What is the value of 10 + (-26 + 2 - (-33 + 16 + 19))?
-16
-1 + 1 + (15 - (-8 + -14)) + (-13 - -8)
32
What is the value of -1 - -13 - (1 + 42 + 0 - (-41 + 61))?
-11
What is (-3 - (26 - 2)) + 298 + -280?
-9
Calculate 147 - 123 - (13 - (-111 - 23)).
-123
Evaluate (-140 - -150) + (1 + (-10 + 4 - 0) - -2).
7
What is the value of 37 + -3 + (69 - 86)?
17
Evaluate -18 - (35 - (-57 - -70)).
-40
(0 + -13 - (7 - (12 + -3))) + -24
-35
What is -12 + 14 - -7 - (-1 - 7 - (78 + -73))?
22
Calculate (-4889 - -4901) + (-2 - (-24 + -3)).
37
Evaluate (-1 - 10) + (163 - 107) - -3.
48
Evaluate 0 + 2 + -196 + 183 + -4 - -2.
-13
What is (-84 - -65) + (13 - 15)?
-21
What is the value of -13 - (18 + -56 + 16 - -37)?
-28
What is 6 - (15 + -78 - 12 - -32)?
49
What is the value of -3 + 6 + -3 + 0 + -99 + -21 + 24?
-96
(-62 + -1 - (148 + -156)) + 8 + 13 + -2
-36
Calculate 4 + -154 + 1 - ((24 - 64) + 17).
-126
Calculate -35 - (0 + -15 - ((150 - 161) + -1 + 2)).
-30
Calculate 114 + (-134 - (-150 - -96)).
34
What is (-21 - (4 + (0 - -15) + -17)) + -10?
-33
Calculate 56 + -23 + -214 + 90.
-91
What is the value of -31 - (-85 - (-55 - 68))?
-69
What is -975 - -1049 - (-2 - -67)?
9
8 - (60 - (2 + 70))
20
Evaluate (-9 - -4) + 7 + (-30 - -31) + (40 - 3).
40
What is the value of -24 + 137 - 84 - -77?
106
Evaluate -7 + (2 - 63 - 31).
-99
What is 157 - (18 - -1 - (-509 - -486))?
115
Calculate 53 + -39 + 16 + -9 + (2 - -3).
26
What is (0 - 1) + (-16 - 9) + 5?
-21
What is the value of -70 + 37 - -40 - (4 + 42 + -5)?
-34
Evaluate 18 - (88 - (1 + -16 - -32)).
-53
Evaluate (0 - (0 + 4)) + (2 - (5 - -2)) - -7.
-2
-30 - (-41 - ((-31 - -107) + 36))
123
What is 31 + -53 + 12 + (-4 - -7 - 7) + -34?
-48
What is -24 - 1 - (7 - 9 - -11)?
-34
Calculate (-3 - -49) + (1 + -29 - (62 + (-88 - -9))).
35
-106 + -5 + -268 + 322
-57
What is the value of 32 - ((13 + -40 - 2) + 94)?
-33
What is the value of -17 - (23 + -2) - -56?
18
What is the value of 92 - 84 - (1 - 0) - 37?
-30
What is the value of (14 + -10 - 9) + -15 + 11 + (2 - 2)?
-9
What is the value of -62 + -5 + (27 - ((-4 - -8) + 2))?
-46
53 - (-113 - (-17 + -124))
25
Evaluate 2 + (12 - (22 + 6) - 14).
-28
Evaluate (10 + -7 + 5 + -5 - -15) + 8 + -2.
24
What is 25 - (7 - (-88 + 134))?
64
Evaluate 29 - (26 + -14) - 4.
13
Calculate (-26 - -34) + -99 - -49.
-42
What is the value of 54 + -2 + -13 + -10 + 16?
45
Calculate -7 - (21 - -9) - (21 - 33).
-25
Calculate (16 + -40 - -20) + -9 - 14.
-27
Calculate -9 + 15 + 6 - -21.
33
-77 + (77 - 85 - 46)
-131
Calculate (-99 - -1) + (54 + 40 - 108 - (-1 - 12)).
-99
Calculate 91 + 4 + (27 + -46 - -61).
137
What is the value of (10 + -14 - 20) + 3 - -78?
57
Calculate -2 + (17 - (20 - 4)).
-1
(-14 + 6 - -6 - (0 + 0)) + 126 + -100
24
What is 10 + (-21 - (-46 + 10 + 13))?
12
What is the value of -3 + (0 - -8) + 8 + (731 - 789)?
-45
Calculate 82 + (-20 - -31 - -18) - -1.
112
Evaluate -5 + (-18 - -11 - -8) + -7 + -12 + 9.
-14
What is the value of 3 + -106 - (2 + (1 - 6) + (-44 - -54))?
-110
What is (7 - (8 + -2 + -16)) + 7 + -9 + -1?
14
-24 + (-15 + -16 - -18) + 21
-16
Evaluat